d 8.
8
Let o be -2 + 5 + -10 - -3. Let t = o + 27. Calculate the highest common factor of t and 69.
23
Let u = 4 + -2. Suppose -5*t = -u*t - 36. Calculate the highest common factor of 6 and t.
6
Let a be 0 + (-155)/(1 + -2). Let n = a + -55. What is the highest common factor of n and 20?
20
Let z(l) = l**3 + 12*l**2 - 16*l - 12. Let d be z(-12). What is the highest common divisor of d and 72?
36
Let k = 20 + -16. What is the greatest common factor of k and 16?
4
Let g(w) be the second derivative of w**4/6 + w**3/3 - w**2 - 2*w. Let t be g(-3). What is the greatest common divisor of t and 10?
10
Let x be (90/(-35))/(31/(-14) + 2). What is the greatest common divisor of 4 and x?
4
Let q(y) = y**3 - 7*y**2 + 7*y - 1. Let n be q(6). What is the highest common divisor of 55 and n?
5
Let h = -16 - -40. Suppose 3*z - z = 2*b + 6, -3*b = 0. What is the greatest common factor of z and h?
3
Let y(o) = o**3 + 6*o**2 - 8*o + 8. Let b be y(-7). Let p be 1*(3/3 - -74). Calculate the greatest common divisor of b and p.
15
Let b = -14 - -13. Let w(u) = -13*u**3 - u**2 - u. Let n be w(b). Let l(x) = 2*x**3 - 5*x**2 + 4. Let g be l(4). What is the highest common divisor of g and n?
13
Let k(y) = -y**2 + 1. Let p be k(-2). Let d be p/6 - (-116)/8. What is the highest common divisor of 35 and d?
7
Suppose -4*p = -3*p + 223. Let r = 327 + p. Suppose -w = 5*y + 2, 5*y = w - 11 - 17. Calculate the greatest common factor of r and w.
13
Let t be (0 + -1)/((-18)/36). Suppose 4*m = -5*v + t*m + 375, v - 75 = 2*m. What is the greatest common divisor of 30 and v?
15
Suppose 5*s = 27 - 142. Let l = -20 - s. What is the highest common divisor of 3 and l?
3
Let g(j) = j**3 - 2*j**2 + 2*j + 1. Let u be g(2). Suppose u*b = 53 + 187. Let d = 32 + -20. What is the greatest common divisor of b and d?
12
Let d = 26 + -18. What is the greatest common divisor of 16 and d?
8
Suppose 0 = 3*j - 2*a - 136 - 553, 0 = 4*j - 3*a - 918. Suppose j = 4*z - z. What is the greatest common divisor of 7 and z?
7
Suppose -5*t - d = -22, -t = 4*t - 3*d - 34. Let j be -3 + (-9)/((-18)/116). Calculate the greatest common divisor of j and t.
5
Let h be 283/7 - (-21)/(-49). Suppose 2*g - g = 5. What is the greatest common factor of g and h?
5
Let j be (0 + (-30)/(-8))*4. Let m be -3*(-4)/6 + -12 + 15. Calculate the greatest common factor of j and m.
5
Suppose 0 = -2*y + 8, k - 5 = -4*y + 198. Suppose 10*f - 5*f = -90. Let i be -1 - (-2 - -2) - f. Calculate the greatest common factor of k and i.
17
Suppose 0 = -y - n - 1, 5*n + 3 + 12 = 0. Suppose y*t = -0*t + 180. What is the greatest common divisor of t and 10?
10
Suppose 5*r - 8 = 7. Suppose 20 = -q - 3*q. Let n = 8 + q. What is the greatest common factor of n and r?
3
Let d be (-9)/(-3) + -1 + (-260)/(-5). Let a be -1 - (-1 - (1 - 0)). Let i = a + 8. Calculate the highest common divisor of d and i.
9
Let p(l) = -21*l + 4. Let r be p(-4). Let z = -38 - -46. Calculate the greatest common factor of r and z.
8
Suppose -4*b = 3*x + b - 4, -8 = 2*b. Suppose 5*d - 4*d + u = -8, x = 4*d - 4*u. Let g be d/((-45)/132)*5. What is the highest common factor of g and 11?
11
Suppose 1 = -2*m + 11. Suppose -2*s - m*i = -0*i - 83, 4*i = -s + 43. Calculate the greatest common divisor of s and 13.
13
Suppose -16*z = -9*z - 252. Calculate the highest common factor of 9 and z.
9
Suppose 0 = -c + 8 + 7. Suppose 32*v - 31*v - 60 = 0. What is the greatest common factor of c and v?
15
Let s = 107 + -58. Suppose s = -2*a + 3*a. Suppose -2*d - l + a = 0, -5*d - 4*l + 20 = -104. Calculate the highest common factor of d and 60.
12
Suppose 3*h - 6*h = -63. Calculate the greatest common divisor of h and 168.
21
Let a be (-12 + 13)/(-1 + 2). Let m(l) = 131*l**2 + l. Let n be m(a). Calculate the greatest common divisor of 12 and n.
12
Let h = 5 + 2. Let b be (-2)/h + (-232)/(-28). Suppose 2 = -5*t + 42. Calculate the highest common divisor of t and b.
8
Let f be -2 + 48/21 + (-524)/(-28). Calculate the highest common factor of f and 133.
19
Let j(p) = 36*p - 63. Let m be j(5). Suppose 28 = 3*c - 11. What is the highest common divisor of c and m?
13
Let q be 5/((-30)/(-4))*(-12)/(-8). Let c = 24 + -16. Calculate the highest common factor of c and q.
1
Let o = -997 + 560. Let v = -283 - o. Suppose -62 = -5*i - 3*z - z, 4*i - 3*z = 62. Calculate the highest common divisor of v and i.
14
Suppose -2*r + 47 = 5*x, -11 = -6*x + 5*x - 2*r. What is the highest common factor of 3 and x?
3
Let a(s) = s**3 - 22*s**2 + 25*s - 38. Let t be a(21). What is the greatest common divisor of 69 and t?
23
Suppose -5*u + 42 = 2. Calculate the greatest common factor of u and 88.
8
Let f(h) = h + 1. Let d(b) = 4*b - 10. Let n(v) = -d(v) + 5*f(v). Let l be n(0). Let c = 25 - l. What is the greatest common divisor of 15 and c?
5
Let f = -15 + 53. What is the highest common factor of 19 and f?
19
Let j = 188 - 124. Suppose 4*b = -2*n + 68, 4*b = -0*b - n + j. Suppose -5*l = -3*w + 520, -2*l + 0 - 10 = 0. What is the highest common divisor of w and b?
15
Suppose -k + m + 14 = -0, 0 = 2*k - 4*m - 26. Let u = k + 6. Calculate the greatest common factor of u and 147.
21
Let q be (-9 - (0 + -5)) + 104. What is the greatest common factor of q and 60?
20
Suppose n - 5*n = -416. Let c(l) be the second derivative of l**4/6 + 4*l**3/3 + 3*l**2/2 - 4*l. Let v be c(-5). What is the highest common divisor of v and n?
13
Let c = 126 - 38. Let h be 6/(-2) + (-3 - -14). Calculate the greatest common factor of c and h.
8
Let m(j) be the first derivative of j**2/2 - j + 2. Let h be m(5). Suppose 5*n - 19 = p, -2*n - 14 = -4*p - 0*n. What is the highest common divisor of p and h?
2
Let v be (9 - 9)*(-1)/(-2). Suppose v*c + 10 = c. Calculate the greatest common factor of c and 20.
10
Suppose v + 16 = 2*h, 4*h + 5 = 3*v + 41. Let u(p) = -31*p**2 + 34*p**2 + 45*p**2. Let r be u(1). What is the greatest common factor of h and r?
6
Let b = 18 - 6. Calculate the greatest common divisor of b and 30.
6
Let s be (-18)/24 + 30/8. Let w be (-49)/(-2) - s/6. Calculate the greatest common divisor of 12 and w.
12
Suppose 3*g - 4 = -3*i + 5, g - 6 = -2*i. Suppose -12 = -2*w + 5*w. Let o be (w/(-10))/(i/300). What is the greatest common divisor of o and 8?
8
Suppose t + 0*t = 12. Let c = -199 - -295. What is the highest common factor of c and t?
12
Let s be (-4)/(-10) + (-498)/(-30). What is the greatest common factor of 17 and s?
17
Suppose 3 = -3*w - 5*z + 137, 2*z + 182 = 5*w. Let q = w + -24. What is the greatest common divisor of q and 126?
14
Let y = 144 + -69. Calculate the greatest common divisor of y and 50.
25
Let y = -3 + -4. Suppose 2*p = -p - 30. Let v = y - p. What is the greatest common divisor of v and 9?
3
Let n be 1/3 + (-424)/(-24). Calculate the highest common factor of 198 and n.
18
Let z(a) = a**2 - 8*a - 5. Let y be z(8). Let t be (-4)/(-1 + 3)*y. Calculate the greatest common factor of 15 and t.
5
Suppose -311 = 9*c - 1841. Suppose 2*j - 5 = 29. What is the greatest common factor of j and c?
17
Suppose 3*m - 442 = 6*s - s, -5*m = 2*s - 716. Suppose 3*y - y = m. Calculate the highest common factor of 9 and y.
9
Suppose -4*m - 5 = 5*s - 30, 0 = -s - 5*m - 16. Let u be 51*12/s*1. Calculate the greatest common divisor of 17 and u.
17
Let m(h) = h + 5. Let z be m(0). Suppose d + 93 = z*r, 33 = r - 0*r - 5*d. Suppose -r = -g + 12. What is the highest common divisor of g and 15?
15
Let q = 25 - -127. What is the greatest common divisor of q and 19?
19
Let w be -2 - (-2 + (-53 - -1)). Suppose -4 = 2*j - 30. Calculate the greatest common factor of j and w.
13
Let p(g) = g + 9. Suppose -r = 2*r + 15. Let n be p(r). What is the highest common divisor of 2 and n?
2
Let l(u) = 2*u**2 - 4*u - 18. Let m be l(6). Let q = -1 - -6. Let h = 7 + q. Calculate the highest common factor of h and m.
6
Let x(z) = z - 5. Let a be x(7). What is the greatest common divisor of a and 22?
2
Suppose 4*d = -5*z + 177, d - 159 = -5*z + 3*d. Suppose 91 = 5*f + v, 4*v + z = 2*f + v. What is the highest common factor of 27 and f?
9
Suppose 2*o + o = -3. Let a = o + 5. Suppose -22 = -i + 5*s - 5, -4*i = -a*s - 52. Calculate the greatest common divisor of i and 4.
4
Let m(b) = -b**2 - 8*b - 2. Let n be m(-6). Let h = 11 - n. What is the greatest common 